 of 5697 and 1293624.
27
Calculate the highest common factor of 6408923 and 2.
1
What is the highest common divisor of 80 and 22486328?
8
What is the highest common divisor of 839 and 11441?
1
What is the highest common factor of 2003674 and 30366?
482
Calculate the greatest common divisor of 627105 and 50858.
431
What is the greatest common factor of 1960 and 76342910?
70
What is the highest common divisor of 49536717 and 12669?
309
Calculate the highest common factor of 4034617 and 11975.
479
What is the greatest common divisor of 85177 and 11837?
19
Calculate the greatest common divisor of 323624 and 28.
28
Calculate the greatest common divisor of 1218765 and 19065.
465
What is the greatest common factor of 223412491 and 2524?
631
What is the highest common divisor of 18207 and 84609?
1071
Calculate the highest common factor of 13905 and 5425731.
2781
What is the highest common divisor of 190860 and 15900?
60
Calculate the greatest common factor of 9120 and 1992112.
304
Calculate the greatest common divisor of 23793 and 517266.
309
Calculate the greatest common factor of 728280520 and 8.
8
Calculate the greatest common factor of 18 and 31193622.
18
What is the highest common divisor of 26919853 and 197?
197
What is the highest common divisor of 833 and 23727270?
49
What is the greatest common factor of 308687 and 32389?
661
What is the greatest common factor of 7 and 90373360?
7
Calculate the greatest common factor of 2451755 and 67915.
235
Calculate the highest common factor of 29124224 and 2432.
128
What is the greatest common factor of 460332 and 83196?
36
What is the highest common factor of 47947767 and 483?
21
Calculate the greatest common divisor of 5515590 and 4440.
1110
What is the highest common factor of 167052 and 276?
12
Calculate the highest common divisor of 1527627 and 249049.
271
What is the highest common divisor of 7718 and 40803250?
454
What is the greatest common divisor of 932503 and 8437?
143
Calculate the greatest common factor of 96 and 1511.
1
What is the highest common divisor of 7864178 and 148022?
1358
What is the greatest common divisor of 24270 and 4335?
15
What is the highest common divisor of 247123 and 11359?
37
What is the highest common divisor of 1600 and 6688600?
200
What is the greatest common divisor of 793 and 328126747?
793
Calculate the greatest common factor of 221 and 39978263.
13
What is the highest common divisor of 28 and 259651448?
28
Calculate the highest common factor of 25540768 and 176.
176
What is the greatest common divisor of 22154 and 10767851?
1007
What is the greatest common factor of 65 and 26656409?
13
What is the greatest common divisor of 420138 and 241648?
2746
Calculate the highest common divisor of 4949305 and 35.
5
What is the highest common divisor of 969213 and 1099?
7
What is the greatest common factor of 22448 and 485682122?
2806
Calculate the highest common factor of 135376128 and 72.
72
Calculate the greatest common factor of 7114797 and 8721.
513
Calculate the highest common factor of 13110 and 121505.
95
Calculate the highest common factor of 42195955 and 415.
415
Calculate the greatest common divisor of 2943824 and 317824.
208
What is the greatest common divisor of 148384 and 2536?
8
Calculate the highest common divisor of 6633915 and 37.
37
What is the highest common divisor of 127199296 and 7896?
2632
What is the greatest common factor of 168318 and 435618?
162
What is the highest common factor of 87978 and 774?
258
What is the highest common factor of 20389670 and 686?
14
Calculate the greatest common factor of 2862 and 720576.
54
What is the greatest common factor of 32 and 84934784?
32
Calculate the greatest common factor of 60130102 and 4.
2
Calculate the highest common factor of 13 and 2129907.
13
Calculate the highest common factor of 1072 and 6628304.
16
Calculate the highest common factor of 660 and 181940.
220
Calculate the highest common factor of 5040026 and 2641262.
6554
Calculate the highest common factor of 13 and 12136813.
13
Calculate the highest common divisor of 1890360 and 354.
354
Calculate the highest common divisor of 65911075 and 5.
5
What is the highest common factor of 3406 and 1697462?
26
What is the greatest common divisor of 324759 and 15141?
309
Calculate the highest common factor of 206131446 and 27.
27
What is the highest common divisor of 46473619 and 93?
31
Calculate the greatest common factor of 3388 and 658812.
308
What is the highest common divisor of 12990204 and 396?
36
What is the greatest common factor of 151716723 and 6?
3
Calculate the highest common factor of 7 and 9410667.
7
Calculate the highest common factor of 392 and 1962513.
7
What is the greatest common factor of 2691 and 52946595?
117
Calculate the highest common factor of 92950 and 660.
110
Calculate the highest common divisor of 14719796 and 148824.
2756
What is the highest common factor of 59118 and 3674?
334
Calculate the highest common divisor of 13285760 and 230.
10
Calculate the greatest common divisor of 10213 and 126.
7
What is the highest common divisor of 60875797 and 57398?
2609
What is the highest common factor of 8294988 and 60?
12
What is the highest common factor of 3038 and 11687186?
3038
Calculate the greatest common divisor of 4105 and 167325.
5
Calculate the greatest common divisor of 20738373 and 172437.
753
What is the highest common factor of 133 and 93234121?
19
Calculate the highest common factor of 8 and 158600708.
4
What is the greatest common divisor of 371767 and 99?
11
Calculate the greatest common factor of 680295 and 84909.
1023
What is the highest common divisor of 13368680 and 10?
10
Calculate the greatest common factor of 2422597 and 50749.
2671
What is the greatest common factor of 757377 and 54?
27
Calculate the greatest common divisor of 50 and 2126615.
5
What is the greatest common factor of 239411 and 2?
1
Calculate the greatest common divisor of 132030 and 1660995.
45
Calculate the greatest common divisor of 3906 and 119322.
126
Calculate the greatest common divisor of 190412 and 771116.
1052
What is the greatest common factor of 10277742 and 4740?
474
Calculate the highest common factor of 66501 and 110781.
27
Calculate the greatest common factor of 3488774 and 2788.
34
What is the highest common factor of 520 and 2577874?
26
What is the highest common divisor of 2930508 and 77?
7
Calculate the greatest common divisor of 835804965 and 530.
265
Calculate the greatest common factor of 9127125 and 183.
183
Calculate the greatest common divisor of 289293231 and 5186.
2593
What is the highest common factor of 116 and 58056608?
116
Calculate the highest common factor of 14703728 and 1585.
317
Calculate the greatest common factor of 1648836 and 3240972.
2268
What is the highest common divisor of 141 and 106668004?
47
What is the greatest common factor of 414 and 82662?
138
What is the greatest common divisor of 132 and 1312536?
12
What is the highest common divisor of 198 and 106509282?
66
Calculate the greatest common divisor of 161825 and 30636709.
6473
What is the greatest common divisor of 164695177 and 148?
37
Calculate the greatest common divisor of 5893344 and 1216.
608
What is the greatest common divisor of 66689 and 1421?
49
What is the greatest common divisor of 16 and 2500424?
8
What is the highest common divisor of 50546079 and 220572?
5013
What is the greatest common factor of 4019580 and 643035?
2445
What is the highest common divisor of 48 and 320992512?
48
What is the greatest common factor of 3868 and 1784115?
967
What is the greatest common factor of 16248326 and 6?
2
Calculate the highest common divisor of 7976390 and 380.
190
Calculate the greatest common divisor of 481250 and 2726625.
1375
Calculate the greatest common factor of 14 and 574211834.
14
What is the highest common divisor of 557096960 and 3200?
640
Calculate the greatest common divisor of 76 and 296804681.
19
What is the greatest common factor of 291 and 2104997?
97
Calculate the highest common factor of 462 and 2078230.
154
What is the greatest common factor of 18737352 and 160?
8
Calculate the highest common factor of 20 and 7054030.
10
Calculate the highest common factor of 737280 and 1275.
15
Calculate the highest common factor of 1294305